inder when 193785 is divided by 6603?
2298
What is the remainder when 4937163 is divided by 853?
852
Calculate the remainder when 16237612 is divided by 10.
2
Calculate the remainder when 656230 is divided by 222.
220
What is the remainder when 271342 is divided by 33916?
14
What is the remainder when 6251594 is divided by 2083648?
650
What is the remainder when 471762 is divided by 16?
2
Calculate the remainder when 43637 is divided by 3627.
113
What is the remainder when 349919 is divided by 1285?
399
Calculate the remainder when 11038195 is divided by 1174.
247
Calculate the remainder when 1529767 is divided by 28329.
1
What is the remainder when 13732636 is divided by 45025?
11
What is the remainder when 10016252 is divided by 1669369?
38
Calculate the remainder when 23008658 is divided by 21913.
8
Calculate the remainder when 68784 is divided by 6222.
342
Calculate the remainder when 4414193 is divided by 36782.
353
What is the remainder when 1469580 is divided by 15308?
12
Calculate the remainder when 445555 is divided by 778.
539
Calculate the remainder when 1813965 is divided by 31.
0
What is the remainder when 58874 is divided by 9806?
38
What is the remainder when 2302534 is divided by 2922?
2920
What is the remainder when 1921056 is divided by 593?
329
Calculate the remainder when 43944 is divided by 6585.
4434
Calculate the remainder when 13316420 is divided by 22532.
8
What is the remainder when 97306559 is divided by 8?
7
What is the remainder when 8073 is divided by 6500?
1573
What is the remainder when 119679 is divided by 59600?
479
Calculate the remainder when 262975 is divided by 1592.
295
What is the remainder when 36877993 is divided by 261?
259
What is the remainder when 825239 is divided by 13880?
6319
Calculate the remainder when 12633978 is divided by 85.
3
Calculate the remainder when 120062 is divided by 58707.
2648
Calculate the remainder when 27741261 is divided by 1199.
1197
Calculate the remainder when 9823 is divided by 4883.
57
What is the remainder when 1480508 is divided by 741?
731
What is the remainder when 92113 is divided by 9113?
983
Calculate the remainder when 605306 is divided by 3258.
2576
What is the remainder when 73096 is divided by 22213?
6457
What is the remainder when 4963353 is divided by 18?
15
Calculate the remainder when 222466 is divided by 4447.
116
Calculate the remainder when 340828 is divided by 3667.
3464
What is the remainder when 3659755 is divided by 624?
619
Calculate the remainder when 127106885 is divided by 4029.
4022
What is the remainder when 50428 is divided by 2222?
1544
What is the remainder when 1968622 is divided by 386?
22
Calculate the remainder when 3760172 is divided by 3192.
3188
Calculate the remainder when 712769 is divided by 32398.
13
Calculate the remainder when 18013669 is divided by 116.
29
Calculate the remainder when 432375 is divided by 1191.
42
What is the remainder when 8894733 is divided by 741216?
141
Calculate the remainder when 13750172 is divided by 69.
59
What is the remainder when 3961490 is divided by 54?
50
What is the remainder when 896054 is divided by 141?
140
What is the remainder when 29910 is divided by 4924?
366
What is the remainder when 424443 is divided by 28?
19
What is the remainder when 11753462 is divided by 3865?
3862
What is the remainder when 6882704 is divided by 82923?
95
What is the remainder when 21251153 is divided by 756?
749
Calculate the remainder when 210024 is divided by 214.
90
Calculate the remainder when 2699335 is divided by 1414.
9
What is the remainder when 12832 is divided by 1783?
351
Calculate the remainder when 9544450 is divided by 349.
347
Calculate the remainder when 44496655 is divided by 695260.
15
What is the remainder when 268857 is divided by 4481?
4478
What is the remainder when 95685 is divided by 95457?
228
What is the remainder when 387652 is divided by 29814?
70
What is the remainder when 33644 is divided by 16799?
46
What is the remainder when 126655 is divided by 5264?
319
What is the remainder when 77272 is divided by 243?
241
What is the remainder when 2119899 is divided by 1059896?
107
What is the remainder when 5862301 is divided by 837441?
214
Calculate the remainder when 92605411 is divided by 2753.
2750
Calculate the remainder when 13802001 is divided by 4600666.
3
What is the remainder when 4473340 is divided by 2790?
970
Calculate the remainder when 21084 is divided by 2975.
259
What is the remainder when 9335374 is divided by 14209?
61
What is the remainder when 5895490 is divided by 1625?
1615
Calculate the remainder when 172150 is divided by 172090.
60
What is the remainder when 71065 is divided by 753?
283
Calculate the remainder when 906490 is divided by 90645.
40
Calculate the remainder when 1578456419 is divided by 46.
45
What is the remainder when 6571977 is divided by 1314393?
12
Calculate the remainder when 209659 is divided by 99215.
11229
Calculate the remainder when 241388 is divided by 2974.
494
What is the remainder when 1636435 is divided by 163555?
885
Calculate the remainder when 69640 is divided by 211.
10
Calculate the remainder when 4135516 is divided by 419.
405
Calculate the remainder when 4445113 is divided by 18.
13
Calculate the remainder when 335035 is divided by 1971.
1936
Calculate the remainder when 1820137 is divided by 35.
32
What is the remainder when 38913951 is divided by 119?
118
Calculate the remainder when 460361 is divided by 115082.
33
What is the remainder when 1421314 is divided by 7?
6
Calculate the remainder when 7855971 is divided by 119.
67
Calculate the remainder when 42263 is divided by 14043.
134
What is the remainder when 841463 is divided by 56095?
38
Calculate the remainder when 50182 is divided by 388.
130
Calculate the remainder when 220346349 is divided by 628.
617
Calculate the remainder when 1082610075 is divided by 2347.
2344
What is the remainder when 853169 is divided by 4234?
2135
Calculate the remainder when 331586 is divided by 55261.
20
What is the remainder when 66743846 is divided by 4490?
4486
Calculate the remainder when 5879425 is divided by 51124.
165
What is the remainder when 350396351 is divided by 3312?
3311
What is the remainder when 1446958 is divided by 361380?
1438
Calculate the remainder when 118848 is divided by 5128.
904
What is the remainder when 3479 is divided by 1661?
157
Calculate the remainder when 4970795 is divided by 123.
119
Calculate the remainder when 5962548 is divided by 1934.
26
What is the remainder when 12723666 is divided by 12723641?
25
What is the remainder when 4102513 is divided by 2015?
1988
What is the remainder when 3840320 is divided by 256021?
5
What is the remainder when 1742025 is divided by 2283?
96
What is the remainder when 733889 is divided by 366933?
23
What is the remainder when 1338575 is divided by 95560?
735
What is the remainder when 5176920 is divided by 3145?
250
Calculate the remainder when 11115684 is divided by 11115644.
40
What is the remainder when 250899318 is divided by 191?
190
Calculate the remainder when 9091 is divided by 49.
26
Calculate the remainder when 52969 is divided by 25918.
1133
What is the remainder when 10887652 is divided by 2721911?
8
What is the remainder when 85736967 is divided by 35546?
15
Calculate the remainder when 8240881 is divided by 86746.
11
Calculate the remainder when 1466143 is divided by 23269.
196
What is the remainder when 864800 is divided by 2212?
2120
What is the remainder when 15829496 is divided by 729?
719
What is the remainder when 263925022 is divided by 245?
242
Calculate the remainder when 17171196 is divided by 1280.
1276
Calculate the remainder when 251542 is divided by 1080.
982
What is the remainder when 171279 is divided by 9501?
261
What is the remainder when 1425186 is divided by 3702?
3618
Calculate the remainder when 92525127 is divided by 24.
15
Calculate the remainder when 579898 is divided by 193231.
205
What is the remainder when 148325983 is divided by 8?
7
Calculate the remainder when 3587036 is divided by 6510.
26
Calculate the remainder when 25026474 is divided by 320852.
18
Calculate the remainder when 355302 is divided by 2834.
1052
What is the remainder when 137868 is divided by 162?
6
Wha